 Let o be k(1). Let f = -51 + o. Determine l(f).
-6
Let i(b) be the first derivative of 1/3*b**3 - 1/3*b**4 + b**2 - 3 - 1/20*b**5 + 12*b. Let j(s) be the first derivative of i(s). What is j(-3)?
-13
Let v(h) = 3*h + 3. Let s(f) = 8*f + 8. Let m = 26 + -37. Let w(l) = m*v(l) + 4*s(l). Suppose 4*z + 5*r = 15, r = -4*r - 5. Give w(z).
-6
Suppose -42*q - 83 - 127 = 0. Let x(b) = b**3 + 5*b**2 + 2*b + 10. Calculate x(q).
0
Let w be 2 - ((-1)/(-1) - -14). Let s = -8 - w. Suppose -s*j = 5, -5*u = 3*j - 5*j + 28. Let n(b) = -b**3 - 7*b**2 - 5*b + 1. Give n(u).
-5
Suppose -68*r - 318 = -1542. Let n(m) = -m**3 + 19*m**2 - 19*m - 3. What is n(r)?
-21
Let x(b) = b**3 + 10*b**2 - 14*b - 27. Let m be (-7137)/671 - 4/11. Give x(m).
6
Let j(x) = -x**2 - 9 - 13*x + 3 - 1 - 16. Give j(-10).
7
Let v be (-28)/7 + 5 + -2. Let z(j) = j**2 - 1. Determine z(v).
0
Suppose 0 = -5*b - 2*j - 23, 26 + 3 = -3*b - 5*j. Let f(l) = -12*l - 16*l + 25*l - 4. What is f(b)?
5
Let j(o) = -o - o + 3*o - 2*o - 4*o**2. Let d = -144 + 143. Calculate j(d).
-3
Let w(f) = -f**2 + f - 24*f + 34*f - 10. Give w(9).
8
Let j be 0/((-2)/13 + (-28)/(-13)). Let s(m) be the first derivative of m**3/6 - 3*m**2/2 + 3*m + 4. Let k(o) be the first derivative of s(o). What is k(j)?
-3
Let l = 77 - 81. Let r(u) = u - 4. What is r(l)?
-8
Let n(p) = p**2 + 9*p + 17. Suppose 2*b = 5*y + b + 26, -3*y - 4*b = 11. Calculate n(y).
-3
Let d(g) be the first derivative of -g**2/2 + 7*g + 3. Let j be d(3). Suppose j*w - 2*w = -6. Let u(m) = 2*m - 2. Calculate u(w).
-8
Let w(y) = 67*y**2 + 7*y - 3. Let i(f) = 84*f**2 + 7*f - 3. Let j(g) = -4*i(g) + 5*w(g). Suppose 2*u - 3 = 9. Calculate j(u).
3
Let k(l) be the first derivative of l**4/4 + 5*l**3/3 + 3*l**2/2 + 3*l - 1. Let t be 2/(-8) - 808/(-32). Let h be 2/(40/t - 2). Determine k(h).
-12
Let s(z) be the third derivative of 0*z + 13*z**2 + 0 + 1/12*z**4 - 1/30*z**5 - 1/6*z**3. What is s(2)?
-5
Let y(n) = 3*n**3 + 3*n**2 - 26*n - 7. Let u(s) = 3*s**3 + 4*s**2 - 31*s - 8. Let r(b) = 5*u(b) - 6*y(b). Calculate r(2).
-12
Suppose -5 = 3*v + 4*n, -2*n = -2*v + v + 15. Let q(i) = -i**3 + 5*i**2 + i + 3. What is q(v)?
8
Let s(f) = f + 5. Let u(g) = 2 + 4 - 4*g - g + 4*g. Let b be u(12). Let p = -6 - b. Give s(p).
5
Let q(h) = 49 + 57 + h - 100 - 3*h. What is q(3)?
0
Let s(y) be the second derivative of y**3/6 + y**2 + y. Suppose -4*q + 43*q = -195. Give s(q).
-3
Let h(y) = -11*y - 4. Let r(z) = -z**3 - 8*z + 4 - 6*z**2 + 3*z + 2*z. Let b be r(-5). Let v(a) = -12*a - 5. Let l(d) = b*h(d) + 5*v(d). Calculate l(-1).
-7
Let v(z) be the first derivative of -2*z**2 + 27*z - 2. Give v(11).
-17
Let r(q) = 51 - q - 28 - 22. Give r(1).
0
Let g(w) = 1. Let a(n) = -2*n + 2. Let v(z) = -a(z) - 4*g(z). Let f be 15/(-2)*(-2)/(-6)*-4. Suppose -6 = -11*d + f*d. What is v(d)?
6
Suppose -13*g = -9*g - 36. Let k be (g/12)/(6/16). Suppose k*j + 5 = -1. Let r(m) = -m**3 - 4*m**2 - 4*m. Give r(j).
3
Let w(b) = b**2 - 14*b - 5. Suppose 0 = -92*c + 83*c + 126. Give w(c).
-5
Let b(y) = -y**2 + 10*y - 6. Let o be b(8). Let p = o + -9. Let d(x) = 9*x**2 - 2*x + 1. Determine d(p).
8
Let t(y) = -2*y + 8. Suppose 2*p + 6 + 25 = 3*z, p + 10 = z. Give t(z).
-14
Let b(h) = -2*h**3 + 8*h**2 - h - 4. Let x(v) = -v**3 + 5*v**2 - v - 4. Let l(k) = -2*b(k) + 3*x(k). Give l(0).
-4
Let f be 375/30 - (-6)/(-4). Let n(m) = m**3 - 11*m**2 + 4. Give n(f).
4
Let v(w) = w + 7. Let u(m) = -m**2 + 16*m - 29. Let n be u(12). Suppose -4*x = j + n, -5*x + 5*j = 21 + 9. Determine v(x).
2
Let b(v) = -2*v**2 + 23*v - 22. Let k(n) = -3*n + 2. Let j(m) = -b(m) - 4*k(m). What is j(6)?
20
Let n(d) be the second derivative of -d**3/3 - d**2 - d. Suppose 145 = 3*k - 4*z, -5*z + 90 = 2*k - 6*z. Let l = k - 38. Give n(l).
-12
Let u(r) be the first derivative of -1/4*r**4 + 1/3*r**3 + 0*r**2 + 0*r + 8. What is u(2)?
-4
Let v(x) = x**3 + x**2 - x - 1. Let s(g) = -19*g - 10. Let b be s(-2). Let u be 72/b + (-8)/14. Calculate v(u).
9
Let k(x) = -2*x**2 - 17*x + 10. Let q be k(-8). Let n = q + -16. Let o(z) = -z - 1. Let m(d) = -2*d**2 - 3*d - 1. Let y(a) = m(a) - 3*o(a). Determine y(n).
-6
Suppose -3*a + 4*a = -22. Let g be (a/33)/((-2)/(-15)). Let f(v) = v**3 + 6*v**2 + 7*v + 7. What is f(g)?
-3
Let k(s) be the first derivative of s**2/2 + 4*s - 11. Let j(m) = -m - 5. Let y(c) = 3*j(c) + 2*k(c). Calculate y(-8).
1
Let b(l) = l**3 + 4*l**2 + 4*l + 27. Let c(x) = x**3 + 5*x**2 + 5*x + 27. Let v(f) = -4*b(f) + 3*c(f). Give v(0).
-27
Let c(g) = -g**2 + 16*g - 60. Let f be c(9). Let w(i) = 8*i + 3. Calculate w(f).
27
Suppose 8*k = 9*k - 4*h + 1, 0 = -4*k - 3*h - 42. Let v(p) = p**2 + 4*p - 5. What is v(k)?
40
Let k(i) = i**2 + 8*i - 7. Let f be k(-9). Let z be 2*(1 - (-1)/f). Let x(j) = -3 - 2 + 1 + j**2. Give x(z).
5
Let l(r) = r. Let w(x) = -x**2 + x. Suppose -1 - 9 = -2*f. Suppose -5*h - f*d - 11 = -1, 4*d + 17 = 5*h. Let o(b) = h*l(b) - w(b). Give o(3).
9
Let a = -599/4 - -150. Let k(g) be the third derivative of -5*g**2 + a*g**4 - 1/120*g**6 - 1/6*g**3 + 0 + 1/20*g**5 + 0*g. Calculate k(4).
7
Let m(f) = -f**2 - 7*f - 3. Let d be m(-6). Let x(u) = -5*u + d*u - 2*u. Let j = 1 - 0. Give x(j).
-4
Let x(o) = 11*o + 37. Let t(a) = 5*a + 17. Let g(y) = 13*t(y) - 6*x(y). Calculate g(1).
-2
Let h(j) be the third derivative of -1/24*j**6 + 0*j**5 + 33*j**2 + 0 + 1/6*j**3 + 0*j - 1/24*j**4. Give h(1).
-5
Let l(o) be the first derivative of o**4/4 + 3*o**3 - 5*o**2 - 8*o - 450. Give l(-10).
-8
Let a(r) = -2 + 5 - 3 + r**2 - 5*r. Let p(c) = -3 - 13*c - 1 - c**2 - 3 + 1. Let f be p(-12). Calculate a(f).
6
Suppose -5*a + 2*l = 26, -3*a + 5*l = 3 + 5. Let p(o) = -5*o**2 - 5*o + 9. Let m(j) = -j**2 + 1. Let c(x) = 4*m(x) - p(x). Give c(a).
1
Let q(x) = -3*x + 13. Suppose 2*v + 0 = 6, 5*v - 25 = -k. Give q(k).
-17
Let p(k) = -6*k**3 + 6*k**2 + 3. Let l(t) = -t**3 + t**2 - 1. Let o(m) = 5*l(m) - p(m). Let r be 0*(-2)/(12/(-3)). Determine o(r).
-8
Let d(o) be the second derivative of -o**4/12 - o**3 - 3*o**2 + 4*o. Let h be -5 + (-1 - 5) + 5. What is d(h)?
-6
Let r(d) = 25 - 8 + 34 + 9 - 2*d. Let l be r(27). Let s(g) be the first derivative of g**2/2 - 4*g + 1. Determine s(l).
2
Let y(v) = 4*v - 2*v - 5 - 5*v - v**3 + 5*v**2. Suppose 10 = 3*k + 39*o - 40*o, 4*o - 8 = 0. Give y(k).
-1
Suppose 0 = -6*u + 10*u - 108. Let x be (-3)/(2*-2 - -3). Let a(j) = -26*j**3 + 2 - x + j + 5*j**2 + u*j**3. Give a(-5).
-6
Let d be (-2)/17 - (-2570)/170. Let a(q) = q**2 - 17*q + 31. Let g be a(d). Let j(b) = -7*b + 1. What is j(g)?
-6
Let m be (-3 - -3)/(-2 + 0). Suppose -o - 2*o + 15 = m. Let i(g) = -g**2 + 6*g + 14. Let t(a) = a**2 - 6*a - 16. Let w(n) = 7*i(n) + 6*t(n). Give w(o).
7
Let k = 2 - -2. Let y(v) be the first derivative of 3*v - 1 + 3/2*v**2 - 1/3*v**3. Calculate y(k).
-1
Let g(o) = -o**2 + 17*o - 2 - 30*o + 8*o. Determine g(-3).
4
Let a(y) = 2 + 3*y - 8 + 1 + y**2. Let n(m) = m + 1 + 2*m - m**2 + 2*m. Let q be n(6). Calculate a(q).
5
Let n(o) = o + 6. Let w(l) = -2*l - 13. Let r(h) = -13*n(h) - 6*w(h). What is r(9)?
-9
Let i(r) be the third derivative of -r**4/12 - r**3/6 - 5*r**2. Suppose 0 = 3*j + 5*n - 9, -3*n = j + 2*j - 9. Let q be ((-14)/6 + 3)*j. Determine i(q).
-5
Let j(x) = 132*x - 63*x + x**2 - 70*x + 1 + 26*x**3. What is j(1)?
27
Let t(m) = -4*m - 1. Suppose 162*a - 15 = 167*a. Calculate t(a).
11
Let j(k) = -3*k - 1. Suppose -8*g - 224 + 64 = 0. Let p(l) = l**2 + 23*l + 52. Let y be p(g). What is j(y)?
23
Let t be (-4 + 5)/(2/(-30)). Let c be ((-10)/4)/(t/30). Let f(m) = c + m**2 - 1 - 6*m + 1 - 3. Give f(4).
-6
Let s be -23 - -16 - (1 - 5). Let m(y) = -6*y + 2 - 3 + 0. Give m(s).
17
Let x(r) = -r**3 - 2*r**2 + 5*r + 3. Let l be x(-3). Let h(z) be the third derivative of -z**5/60 + z**4/8 + z**3/3 - 1579*z**2. Determine h(l).
-16
Let c(p) = -p**2 + 19*p + 37. Suppose -238*n + 237*n = -21. What is c(n)?
-5
Let t(p) be the first derivative of -1/2*p**2 + 7*p + 24. Give t(7).
0
Let o(r) = -r - 214 + 298 - 155. Give o(0).
-71
Let g(q) be the third derivative of -q**5/60 - q**4/8 + q**3/3 - q**2. Let t(n) = -n**3 + 15*n**2 + 3*n - 50. Let l be t(15). Calculate g(l).
-8
Let h(f) = -f**3 + 4*f**2 - 2*f. Let w(y) = 2 - 7 - 2*y - 2*y. Suppose 15*o - 20*o - 10 = 0. Let t be w(o). What is h(t)?
3
Let u(g) = -53*g**3 + 2*g**2 - g - 2. Let a be u(-1). Le